e k(o). What is the highest common factor of w and 44?
11
Let l = 23 - 11. Let i(g) = g + 64. Let y be i(20). Calculate the highest common divisor of y and l.
12
Let a be (4/(-6))/(8/(-84)). Let h(u) = -7*u**2 + u**3 + 4*u + u - 3*u - 6. Let s be h(a). Calculate the highest common divisor of 24 and s.
8
Let p be (72/(-14))/(88/(-28) - -3). Calculate the highest common divisor of p and 216.
36
Let u be ((-3)/(-13 + 4))/(1/102). Calculate the greatest common factor of u and 238.
34
Let z(c) = c**2 + 10*c - 2. Let k be z(-11). Let d be 21*((k - 1) + -3). What is the highest common factor of d and 15?
15
Suppose -2*p - 11 = -3*b, -5*p = -3*p - 5*b + 21. What is the highest common divisor of p and 16?
2
Let m be (160/12)/4*36. Calculate the highest common divisor of m and 24.
24
Let z = -1 + 3. Suppose 4*g - 20 = z*g. Let a = 23 + -13. What is the greatest common factor of g and a?
10
Suppose 24*t - 23*t - 22 = 0. What is the highest common divisor of t and 154?
22
Let h = -2 + 16. What is the highest common factor of h and 42?
14
Let i(v) = 447*v**2 - v. Let c be i(-1). Suppose -3*n - c = -n. Let p be ((-3)/(-2))/((-21)/n). Calculate the highest common factor of p and 2.
2
Let m be 33 + (4/12*0 - 0). Calculate the highest common divisor of 44 and m.
11
Let w = 3 + 17. Let r be (-1)/(2/(-8) + 0). Suppose -5*m - 3*h = -3*m - 91, -r*m + h = -203. Calculate the highest common factor of w and m.
10
Let s(a) = -a**2 + 13*a - 6. Let r be s(6). Suppose 93*l - 16 = 89*l. Calculate the highest common factor of r and l.
4
Suppose -4*v = 2*m + 14, -2*v - 4 = -v + m. Let z be (v - -7)/(-2) - -163. What is the highest common factor of z and 23?
23
Let w(c) = 8*c - 4. Let p be w(8). What is the highest common factor of 15 and p?
15
Let w = 66 - 18. What is the greatest common divisor of w and 12?
12
Suppose 0 = -5*m + 6 + 14. Suppose 0 = 5*i - 5*j - 155, -3*i - m*j + 19 = -102. Calculate the highest common divisor of 14 and i.
7
Suppose 5*r + 0 - 25 = 0. Let b = -28 + 24. Let x = b + r. Calculate the highest common divisor of 1 and x.
1
Let l be (3/((-3)/(-22)))/2. Suppose -4*n = l + 37. Let t = -2 - n. Calculate the highest common factor of t and 10.
10
Let n = 187 + -88. Let u(k) = k**2 + 9. Let o = 1 - 1. Let w be u(o). What is the highest common factor of w and n?
9
Let f be -1 - ((-4)/2 + -2). Let m(v) = v**2 + 18*v - 17. Let a be m(-19). What is the highest common divisor of f and a?
1
Suppose l = -u + 8, 0*l + 5*u = -3*l + 34. Calculate the highest common factor of 30 and l.
3
Suppose -12*h = -11*h - 8. Calculate the highest common divisor of h and 216.
8
Suppose 6*s - 2*s = 4, 0 = -3*i + 2*s + 10. Suppose 2*x = 16 + i. Let a = -17 + 87. Calculate the highest common divisor of x and a.
10
Let u = 37 - 26. Calculate the highest common factor of u and 11.
11
Let r = -19 - -29. Let v be 25/(-10)*(-56)/r. What is the highest common factor of v and 56?
14
Suppose 2*i + 0 = 14. Calculate the highest common divisor of i and 7.
7
Let d be (-1263)/(-18) - 2/12. Suppose 0 = -0*b + b - 28. Calculate the highest common factor of d and b.
14
Let b = -65 + 282. Calculate the greatest common divisor of b and 31.
31
Suppose 8*f - 2*f - 114 = 0. Calculate the greatest common factor of 19 and f.
19
Let f be ((-6)/8 - -2)*4. Calculate the highest common divisor of 10 and f.
5
Suppose 3*k - 12 + 3 = -p, 3*p - 2*k = 60. What is the greatest common divisor of p and 6?
6
Let a = -67 + 115. What is the greatest common factor of a and 12?
12
Let h(s) = s**3 - 12*s**2 - 12*s - 2. Let w be h(13). Calculate the highest common factor of 33 and w.
11
Suppose 3*j = -2 - 1. Let n be ((-24)/(-10))/(j/(-5)). What is the greatest common factor of 24 and n?
12
Let i be 0 + 25 - 17/17. What is the greatest common divisor of 216 and i?
24
Let c = 179 + -99. Suppose 0 = 2*l - 1 - 31. Calculate the greatest common factor of c and l.
16
Suppose -112 = -2*f - 28. Let x be 4/6 + 92/(-3). Let r = x + f. Calculate the greatest common divisor of 84 and r.
12
Suppose 3*q - 5 = -0*q + 5*o, -o + 22 = 4*q. Suppose -2*k + 0*c + 149 = -q*c, 0 = 2*k - 3*c - 151. What is the greatest common divisor of k and 11?
11
Suppose -3*r - 25 = -8*r. Suppose 5 = -r*d, -4*f + 4*d = d - 23. Calculate the greatest common divisor of f and 30.
5
Suppose -s + 3*s = -30. Let o = s - -26. Suppose -o = -3*c - p + 6, 5*p = -2*c - 6. Calculate the highest common factor of 14 and c.
7
Let g(n) = -4*n - 3. Let t be g(3). Let w = 23 + t. Let f = -25 - -41. Calculate the highest common divisor of f and w.
8
Let z(h) = 1 - 3*h + 40*h**3 + h + 5*h**3. Let b be z(1). Calculate the greatest common factor of 4 and b.
4
Suppose s - 44 = -c, 5*s - 3*c = 233 - 45. What is the highest common divisor of s and 5?
5
Let r(z) = -z**3 + 6*z**2 + 4*z - 7. Let w be r(6). Calculate the greatest common factor of 187 and w.
17
Let o(f) = f**2 + 4*f - 9. Let s(a) = a + 1. Let t be s(1). Suppose -t*q = -0*q + 14. Let u be o(q). What is the highest common divisor of u and 60?
12
Let g(y) = y**3 + 10*y**2 + 7*y + 15. Let m be g(-9). Calculate the greatest common factor of 3 and m.
3
Suppose 0 = -0*l - 2*l + 6. Suppose -38 - 10 = -l*q. Let y = -2 + q. What is the highest common factor of 35 and y?
7
Suppose 12 = 2*q - 0*q. Let m = q + -4. Suppose r - 35 = -m*c + 4*r, 0 = -4*c + 3*r + 55. What is the greatest common divisor of c and 20?
10
Let k(h) = -20*h. Let r be k(-1). Let o(d) = d**3 + d. Let i be o(1). Suppose 3*w = i*w + 8. Calculate the highest common factor of w and r.
4
Suppose -35*s = -33*s - 24. Calculate the greatest common divisor of 24 and s.
12
Let j(a) = a**3 + 7*a**2 + 2*a + 10. Let s be j(-7). Let t = 1 - s. Suppose -2*c + t = 3*c. What is the greatest common divisor of 11 and c?
1
Let y be (25/(-2))/(4/(-8)). What is the greatest common factor of y and 10?
5
Let j = -71 - -84. What is the greatest common divisor of 91 and j?
13
Suppose 17*k - 6*k - 187 = 0. What is the highest common divisor of 34 and k?
17
Let c = -11 - -32. Suppose 0 = -4*g + 3*p + 41, c + 32 = 2*g + 5*p. Calculate the greatest common divisor of 70 and g.
14
Let j(y) = -y**2 - 6*y + 40. Let h be j(-9). What is the highest common factor of 26 and h?
13
Let r be -1 - 1 - (1 + 10). Let c = r - -15. Calculate the highest common factor of 10 and c.
2
Suppose 4*d = -25 + 73. Let k(h) = -h**3 - 6*h**2 + 7*h + 9. Let l be k(-7). Let v = 21 - l. Calculate the greatest common factor of v and d.
12
Suppose 18 = 2*m - 0. What is the greatest common factor of m and 45?
9
Let m = 243 + -154. Suppose v - m = -17. What is the greatest common divisor of 9 and v?
9
Suppose 58 = 2*y + 2. What is the greatest common factor of 224 and y?
28
Suppose -g = 4*g - 60. What is the greatest common divisor of g and 24?
12
Suppose y - 14 + 1 = 0. Let p = -7 + 1. Let m = p + y. Calculate the highest common factor of m and 77.
7
Let z = -1 + 8. Let r(c) = c**2 - 6*c + 5. Let o be r(z). What is the greatest common factor of o and 12?
12
Suppose -k = -3 - 7. Calculate the greatest common factor of 90 and k.
10
Let c = 28 + 32. Let x = 9 + -3. Calculate the highest common divisor of c and x.
6
Let z be (-16)/40 + (72/(-15))/(-2). What is the highest common divisor of z and 6?
2
Let g(k) be the second derivative of -3*k**2 + k - 7/6*k**3 + 0 - 1/12*k**4. Let z be g(-5). What is the greatest common divisor of 16 and z?
4
Let j(o) = 7*o. Let d be j(2). What is the greatest common factor of 140 and d?
14
Let m be 3*(-2 - -1) + 19. What is the greatest common factor of 112 and m?
16
Let g be (-3 + (-40)/(-15))*3*-1. Suppose 0*c = 5*c - 40. Calculate the highest common factor of c and g.
1
Let r be -3 - (5 + -40*2). Calculate the greatest common divisor of r and 108.
36
Let i be (3/2)/((-3)/4). Let h = 8 + i. Calculate the greatest common factor of h and 30.
6
Let k = -14 + 29. Suppose 78 + k = 3*g. What is the highest common factor of g and 31?
31
Let t = -98 + 90. Let h(n) = -8 + 1 - n - 2*n. Let q be h(t). Calculate the greatest common divisor of 119 and q.
17
Suppose 2*h = -0*h + 180. Suppose 0 = -5*a + i + 150, 0 = -0*a + a + i - 30. Calculate the greatest common factor of a and h.
30
Let x be 4 + -1 + 3 + 7. What is the highest common factor of 52 and x?
13
Let w(p) = 13*p - 23. Let c be w(6). Calcu